on divisor of 184966 and 88090.
46
Calculate the highest common factor of 19 and 843239.
19
Calculate the highest common factor of 5551 and 3483207.
91
Calculate the greatest common divisor of 1530 and 1429790.
10
What is the greatest common divisor of 130 and 626765?
5
Calculate the highest common divisor of 395212 and 198708.
116
Calculate the greatest common factor of 33799995 and 5198.
2599
Calculate the highest common factor of 10126144 and 112.
112
What is the highest common factor of 1056 and 46353824?
352
What is the greatest common divisor of 349570 and 394680?
130
What is the highest common divisor of 5893038 and 27566?
358
Calculate the greatest common divisor of 2032 and 45601636.
508
What is the highest common factor of 363 and 77145123?
363
Calculate the highest common divisor of 27406 and 54599.
71
Calculate the highest common factor of 1704135 and 689379.
309
What is the highest common divisor of 4708 and 63769218?
214
Calculate the highest common factor of 51 and 2150389653.
51
Calculate the highest common factor of 28440 and 59688.
72
Calculate the highest common divisor of 966 and 5881698.
138
Calculate the greatest common factor of 1009800 and 5916.
204
Calculate the greatest common divisor of 13573 and 552628573.
1939
Calculate the greatest common factor of 44 and 11160028.
44
Calculate the highest common factor of 1606306 and 6.
2
What is the highest common divisor of 71616969 and 81?
9
What is the highest common factor of 574 and 2743538?
14
Calculate the highest common factor of 21888 and 4649472.
1152
Calculate the highest common factor of 41410324 and 14686.
2098
Calculate the highest common factor of 796 and 514046452.
796
Calculate the highest common divisor of 22223451 and 69.
69
Calculate the greatest common factor of 30972 and 752289.
87
What is the greatest common factor of 124 and 9139699?
31
Calculate the greatest common factor of 32560 and 483109.
407
Calculate the highest common divisor of 1607446 and 492.
82
What is the greatest common factor of 21224 and 244608?
56
What is the highest common factor of 56405488 and 8574?
2858
What is the greatest common factor of 2 and 8810154?
2
Calculate the greatest common factor of 185195 and 125.
5
What is the highest common divisor of 70 and 188267800?
70
Calculate the greatest common factor of 20394 and 99480078.
1854
Calculate the greatest common factor of 2763834 and 198480.
4962
What is the greatest common divisor of 1017 and 14266137?
339
What is the greatest common divisor of 40 and 1194748240?
40
What is the highest common factor of 2180046 and 319?
319
What is the highest common divisor of 8232367 and 598217?
2503
Calculate the greatest common divisor of 588 and 209493228.
588
What is the highest common divisor of 308691744 and 192?
96
Calculate the greatest common factor of 9 and 34358910.
3
What is the highest common factor of 286535 and 11815?
85
What is the greatest common divisor of 25 and 13977200?
25
Calculate the highest common divisor of 141414 and 12364170.
3822
What is the highest common factor of 280 and 81617200?
280
Calculate the highest common factor of 19530031 and 72695.
2077
Calculate the greatest common factor of 8295 and 128345.
35
What is the greatest common divisor of 135464 and 134624?
56
Calculate the greatest common divisor of 5625588 and 13668.
804
Calculate the highest common divisor of 56324548 and 70.
14
What is the highest common factor of 2191 and 27870459?
313
What is the greatest common divisor of 10540 and 4159611?
527
Calculate the greatest common factor of 86049 and 601857.
27
What is the greatest common divisor of 6995053 and 2028830?
8821
What is the highest common divisor of 3031392 and 64?
32
Calculate the highest common factor of 178350 and 2523.
87
Calculate the greatest common factor of 1930948784 and 16.
16
What is the highest common divisor of 804 and 9372496?
268
Calculate the highest common divisor of 29160 and 1422.
18
What is the greatest common factor of 1316047600 and 800?
400
What is the greatest common divisor of 4 and 184687978?
2
What is the greatest common factor of 237002220 and 1365?
1365
What is the highest common factor of 617872 and 1003312?
1168
What is the highest common divisor of 284015979 and 3731?
533
Calculate the greatest common factor of 4587567 and 18.
3
What is the greatest common factor of 41338764 and 108?
36
What is the greatest common factor of 806238927 and 52?
13
What is the highest common divisor of 73747485 and 4326?
2163
What is the highest common divisor of 626202 and 2826?
18
What is the highest common factor of 60940 and 3322?
22
Calculate the greatest common divisor of 16169720 and 207260.
860
What is the greatest common divisor of 204 and 2003606196?
204
Calculate the highest common divisor of 54 and 98337.
3
What is the greatest common factor of 242508 and 4200?
84
What is the greatest common divisor of 697 and 3533175?
41
Calculate the highest common divisor of 25285 and 59212413.
5057
Calculate the greatest common divisor of 49 and 68511856.
7
Calculate the highest common divisor of 66 and 541497.
33
What is the greatest common factor of 767 and 1310685?
59
What is the highest common divisor of 44879833 and 346?
173
What is the highest common factor of 826776 and 1944?
72
What is the greatest common divisor of 124992 and 73499202?
3906
What is the greatest common divisor of 34673380 and 52?
4
What is the highest common divisor of 75145 and 73115?
35
Calculate the highest common divisor of 1842256 and 1007760.
3536
Calculate the greatest common divisor of 499570 and 2050.
10
Calculate the highest common factor of 2848 and 4093696.
32
What is the highest common divisor of 101262 and 8484?
42
Calculate the highest common factor of 130393591 and 67.
67
What is the greatest common factor of 1680 and 59570880?
240
Calculate the greatest common factor of 111 and 69118960.
37
What is the highest common factor of 14233 and 149253?
43
What is the highest common factor of 62 and 1054528829?
31
What is the greatest common factor of 10818 and 5120520?
3606
Calculate the greatest common divisor of 369496 and 2144.
8
Calculate the greatest common divisor of 1197112 and 504.
56
Calculate the highest common divisor of 8 and 6054676.
4
Calculate the highest common divisor of 99 and 36196512.
33
Calculate the greatest common factor of 37800 and 79548840.
2520
What is the greatest common factor of 1910510 and 5486450?
5570
Calculate the highest common divisor of 1512 and 41573952.
1512
Calculate the greatest common factor of 3507 and 1722.
21
Calculate the greatest common divisor of 229769297 and 153.
17
Calculate the highest common divisor of 1225 and 35858200.
1225
Calculate the greatest common divisor of 131137832 and 16.
8
Calculate the greatest common divisor of 7225780 and 470.
470
Calculate the greatest common divisor of 373198035 and 105.
105
Calculate the greatest common factor of 205232001 and 39.
39
Calculate the highest common factor of 472 and 259243522.
118
Calculate the highest common divisor of 332320 and 219360.
160
What is the greatest common factor of 8 and 1228391?
1
Calculate the highest common divisor of 1715553 and 945.
189
What is the highest common factor of 42 and 14641026?
6
Calculate the greatest common divisor of 1293056 and 3207385.
5051
Calculate the greatest common divisor of 712 and 1969837.
89
What is the highest common factor of 3873 and 11139?
3
Calculate the highest common factor of 42416939 and 1574.
787
Calculate the highest common factor of 6896047 and 77445.
1721
Calculate the greatest common divisor of 247977 and 45.
9
What is the greatest common factor of 760775 and 2675?
25
Calculate the greatest common factor of 72 and 209232612.
36
What is the greatest common divisor of 54621 and 237531?
21
What is the greatest common divisor of 5754 and 22870095?
411
What is the greatest common divisor of 4398437 and 27256?
3407
Calculate the highest common factor of 34076 and 322756.
28
What is the highest common divisor of 5121 and 63891?
9
What is the greatest common factor of 99907639 and 377?
377
Calculate the greatest common divisor of 88832080 and 20.
20
What is the greatest common factor of 23951885 and 5?
5
What is the greatest common divisor of 260